ivisor of w and j?
17
Let a be (4 - 2)*6/4. Suppose -a*y + m + 84 = y, 0 = -4*y + 2*m + 84. What is the greatest common divisor of y and 14?
7
Suppose 4*o = -2*t + 122, 0*o - 3*o - 318 = -5*t. Let q = -39 + t. Let g(r) = -r**2 + 16. Let h be g(0). What is the highest common factor of h and q?
8
Let p(d) = 4*d**2 - 15*d - 6. Let j be p(-10). What is the greatest common divisor of j and 68?
68
Let f = 1 + -3. Let i = -2 + 5. Let g be -1*((3 - i) + f). What is the greatest common divisor of 4 and g?
2
Let b be 7/((6/(-14))/(-3)). Suppose 7 = -d + 2*d. Calculate the greatest common factor of b and d.
7
Let l(g) = g**2 - 4*g - 8. Let q be l(6). Suppose -1 = -c + q. Let o(s) = -s**2 + 8*s - 5. Let h be o(c). Calculate the highest common factor of 25 and h.
5
Suppose -4*y + 3*g = -0*y - 97, -3*g = 4*y - 127. Calculate the greatest common factor of 4 and y.
4
Let l(h) = h + 4. Let d be l(-2). Let q = d - -7. Calculate the highest common factor of 99 and q.
9
Suppose w = -113 + 5. Let x = -64 - w. What is the highest common divisor of 4 and x?
4
Let h be 5*4/6*12. Suppose 3*s - 2 = 22. What is the highest common factor of s and h?
8
Let u = 5 - 9. Let w = u + 16. Let o = 25 - -11. What is the greatest common divisor of w and o?
12
Let x(l) = -l**2 - l + 100. Let a be x(0). Let t(f) = 4 + 36 - f + f**2 + 0*f. Let d be t(0). What is the greatest common divisor of d and a?
20
Suppose 0*w + 5*w - 20 = k, -5*k + 10 = -3*w. Suppose 3*s + 5 = 17, -k*s + 40 = 4*l. Suppose -l*y + y + 12 = 0. What is the highest common divisor of y and 3?
3
Let b(h) = h + 6. Let x be b(-4). Let s(t) = 2*t**2 - 2*t. Let g be s(x). Suppose g = 3*o + o. What is the greatest common divisor of 7 and o?
1
Let b(a) = -3*a - 9. Let h be b(-6). Suppose -5*p = -5*w + 26 + 9, 3*p = 5*w - 43. Let i = 88 + w. What is the greatest common factor of i and h?
9
Let x be (228/3)/((-24)/(-12)). What is the highest common divisor of 95 and x?
19
Let n(o) be the second derivative of 5*o**4/6 - o**3/6 - 3*o**2/2 - 7*o. Let l be n(3). Calculate the greatest common factor of 12 and l.
12
Let s(z) = z**2 - z + 6. Let m be s(0). What is the greatest common factor of m and 54?
6
Let l = 30 - -47. What is the greatest common divisor of 11 and l?
11
Let v = -2 + 4. Suppose 21 = 3*w + v*t, w + 35 = 6*w + 4*t. Calculate the highest common factor of w and 21.
7
Let x = 52 + -34. Let q = 60 - x. Calculate the greatest common divisor of q and 6.
6
Let h be -2 - 6*(3 + -6). Let k(f) = f - 3. Suppose 2*o = -2*o + 20. Let m be k(o). Calculate the highest common divisor of m and h.
2
Suppose 3*y - 32 = 2*y. Suppose -228 = -5*m - 4*s, 3*s - 30 - 105 = -3*m. Calculate the greatest common factor of y and m.
16
Suppose -4*r = r. Suppose r = 5*v + 45 - 115. What is the highest common divisor of 140 and v?
14
Suppose -4*p + 106 = -54. What is the highest common factor of p and 5?
5
Let p(m) = -m + 0*m - 12 + 4*m. Let j be p(12). Let a(n) = 7*n**2 - n. Let s be a(3). What is the highest common divisor of s and j?
12
Let p(d) = 5*d**2 + 2*d - 13. Let f be p(-6). What is the highest common factor of f and 62?
31
Let o = -11 - -26. Let r be (-18)/(-4)*10/o. What is the highest common divisor of r and 3?
3
Suppose -2*c + 3*c = 5*a + 39, 4*c - 46 = -2*a. What is the greatest common factor of 4 and c?
2
Let n(q) = q - 48. Let w(a) = -a + 48. Let j(f) = 3*n(f) + 4*w(f). Let y be j(0). What is the highest common divisor of y and 32?
16
Let j = -9 + 22. Suppose 5*m = -2*g + 3*g + 7, 2*m = 8. Calculate the greatest common divisor of g and j.
13
Let n = 38 - 23. What is the greatest common divisor of n and 3?
3
Let l(f) = f**3 - 8*f**2 + f. Let g be l(8). Calculate the greatest common factor of 8 and g.
8
Let s(g) = g**3 - g**2 - g + 56. Let w be s(0). What is the highest common divisor of w and 7?
7
Suppose 7*y + p - 38 = 3*y, -2*y + 30 = -5*p. Calculate the greatest common factor of y and 40.
10
Let p(v) = 6*v**2 + v. Let s be p(2). Calculate the highest common divisor of s and 78.
26
Let l = 19 + -11. Let h(p) = -18*p. Let c be h(-1). Suppose 101 = 3*j + f, -4*f - c = -j - 6. What is the greatest common divisor of j and l?
8
Let y be ((-170)/25)/(6/(-15)). Calculate the greatest common factor of y and 34.
17
Let g(z) = -6*z - 2. Let q be g(-1). Calculate the highest common factor of q and 3.
1
Let g = -29 + 17. Let u = g - -18. Suppose 4*t - 68 = -2*l, 8 = t + 2*l - u. Calculate the greatest common divisor of t and 162.
18
Suppose -89 = -v - 0*v + 4*k, -4*v = -k - 311. What is the greatest common divisor of v and 11?
11
Suppose -18 = j - 13, v + 13 = -5*j. What is the highest common factor of v and 18?
6
Suppose 0 = -2*x + 3*g + 75, 2*x - 2*g + 190 = 6*x. Calculate the highest common divisor of x and 18.
9
Let w be 4/22 + (-163)/(-11). Calculate the greatest common factor of w and 165.
15
Let t(r) = 2*r**3 - 4*r**2 + 4*r - 2. Let j be t(3). Suppose -6*b = -10*b + j. Calculate the greatest common divisor of b and 56.
7
Let o = -28 - -20. Let p = -3 - o. Suppose z - 6*z = -100. What is the greatest common factor of p and z?
5
Let j = 129 + -76. Let x = -35 + j. Suppose -216 = -3*p - 81. Calculate the highest common factor of p and x.
9
Let o = 32 + -19. Let d(u) = u**2 + 4. Suppose 5*s = 5*a - 11 + 36, -s + 5*a = -13. Let z be d(s). Calculate the highest common factor of o and z.
13
Let f = -28 + 68. What is the highest common divisor of 60 and f?
20
Let q be 4509/15 + (-4)/(-10) - 0. What is the greatest common factor of q and 43?
43
Suppose -3*s + 54 = -3*f, 4*s - 20 - 77 = -f. Suppose -v + 39 = -4*q + 2*v, -3*q - 2*v = 42. Let y = q + s. Calculate the highest common factor of y and 121.
11
Let y(p) = -p**3 - p**2. Let m = 1 - 5. Let o be y(m). What is the highest common factor of o and 16?
16
Let p = -1 + -13. Let d = 26 + p. What is the greatest common divisor of 132 and d?
12
Let c(t) = 2*t**2 + t - 6. Let x be c(6). What is the greatest common divisor of x and 8?
8
Let t be 6/(-1)*1/(-3). Suppose 0 = g + p - 35, t*g - p - 2*p - 70 = 0. Let q be 4/(-2)*(-7)/2. What is the greatest common divisor of q and g?
7
Let s be 7 - (8 + -6) - (-4)/(-2). Calculate the highest common divisor of s and 4.
1
Let g(j) = -11*j - 5. Let r be g(-2). What is the greatest common divisor of 51 and r?
17
Let r be (-60)/3*1/(-2). Calculate the highest common divisor of 10 and r.
10
Let v = -21 - -34. Let n(x) = -52*x. Let k be n(-1). Calculate the highest common factor of k and v.
13
Suppose g = 3*g - 2*o - 18, -g - 2*o = -3. Let j = 88 + -132. Let z = j + 79. Calculate the greatest common factor of g and z.
7
Suppose 1 + 5 = 3*y. Let i(p) = 1 + y + 1 - 3 + 4*p. Let h be i(2). What is the highest common divisor of h and 1?
1
Let u = -10 - -16. Let l be (9/u)/((-6)/(-8)). Let j = 57 - 39. Calculate the greatest common divisor of j and l.
2
Suppose -4 = -2*b + 2*s, 2*s + 2 + 0 = 4*b. Let y be (14 - b)*(-1 - -2). What is the highest common divisor of y and 120?
15
Suppose 5*r - 4*g - 100 = 0, -43 = -2*r + 2*g - g. Calculate the highest common factor of 24 and r.
24
Suppose 11*w - 5*w = 330. Calculate the highest common factor of w and 11.
11
Let r(y) = 2*y - 3. Let p be r(8). What is the highest common factor of p and 39?
13
Let w be ((-28)/(-8) + -2)*60. Calculate the greatest common factor of w and 30.
30
Let d(u) = 221*u**3 - u**2. Let m be d(1). Suppose -p - p = -40. Calculate the greatest common factor of m and p.
20
Let n(h) = 2*h**2 + 19*h + 11. Let q be n(-9). Calculate the greatest common divisor of q and 5.
1
Let d(t) = -t**3 + 8*t**2 - 3*t + 5. Let s be d(6). Let b be ((-8)/2 - -2) + s. Let y be 4/(-18) + 1032/27. What is the greatest common factor of b and y?
19
Let o be (-2)/6 + 5/(-15)*-58. What is the highest common factor of o and 209?
19
Suppose -166 = -0*m - 5*m - 4*p, -3*p = m - 42. Suppose l = m + 3. Let t = 38 - 27. Calculate the highest common factor of t and l.
11
Suppose 3*p + 40 = s, 5*p - 260 = -5*s - 0*p. What is the highest common divisor of 7 and s?
7
Suppose 4*f - 106 = 2*o, -5*o + 23 = -3*f + 120. Calculate the greatest common divisor of f and 120.
24
Let u = -1 + 3. Let p(x) = 3*x**2 - 3 + 4 + 2*x**3 - 3*x + x**3 - 2*x**3. Let s be p(u). What is the greatest common factor of 10 and s?
5
Suppose 93 = 2*g - 5. Calculate